 -5 - -9371?
9366
In base 2, what is 11101100 - -100110?
100010010
In base 9, what is -701 - -2?
-688
In base 14, what is 0 - -262?
262
In base 4, what is 2 - -11321?
11323
In base 11, what is -5 + -75?
-7a
In base 2, what is 1 - -101101111?
101110000
In base 4, what is 3300110 + -10?
3300100
In base 9, what is -684 + 6?
-677
In base 14, what is 6 - -1295?
129b
In base 7, what is 1062 - -5?
1100
In base 6, what is 0 - 3230?
-3230
In base 14, what is 8d - -1?
90
In base 3, what is 12 - -1200?
1212
In base 4, what is 1 + -1201?
-1200
In base 7, what is 5 + 460?
465
In base 2, what is 10 - -111101?
111111
In base 11, what is 5 - 3?
2
In base 8, what is 5 + 46?
53
In base 13, what is -bb2 - 1?
-bb3
In base 11, what is 9 - 8?
1
In base 15, what is 3 - e0?
-dc
In base 14, what is 2b + 246?
273
In base 5, what is -201 + -32?
-233
In base 8, what is 53 + 237?
312
In base 16, what is 95 - -2a?
bf
In base 16, what is 0 - -621?
621
In base 4, what is 20123 - -2?
20131
In base 5, what is -1 + -21?
-22
In base 4, what is -203130 - 0?
-203130
In base 16, what is 100 - -2b?
12b
In base 10, what is 17 + -6?
11
In base 2, what is -1000100 - -1000111?
11
In base 6, what is -135 - 1032?
-1211
In base 7, what is -305 - -65?
-210
In base 6, what is -351 + 2?
-345
In base 9, what is 176 - -1?
177
In base 5, what is 0 - -42134?
42134
In base 8, what is 71 + 10?
101
In base 15, what is -5 - -a?
5
In base 10, what is 52 + -5?
47
In base 15, what is -3 + 3c?
39
In base 9, what is 6 - 33?
-26
In base 15, what is 69 - 31?
38
In base 5, what is 12 + 3321?
3333
In base 14, what is -21 - 394?
-3b5
In base 3, what is 12 + -1210?
-1121
In base 15, what is -9 - -6?
-3
In base 6, what is 1254 - 3?
1251
In base 9, what is -4 + 313?
308
In base 5, what is -21 + 110?
34
In base 10, what is 855 + -2?
853
In base 15, what is -2 - 160a?
-160c
In base 6, what is 1101 - 2?
1055
In base 15, what is caa + 5?
cb0
In base 15, what is b - 10d?
-102
In base 12, what is -5a0 - -18?
-584
In base 3, what is -220001002 + 0?
-220001002
In base 14, what is -9 + -624?
-62d
In base 6, what is 20 - -420?
440
In base 11, what is 0 + -a3?
-a3
In base 3, what is -100 - -112?
12
In base 10, what is -196 - -8?
-188
In base 15, what is -3a - ed?
-138
In base 6, what is -10451 - -5?
-10442
In base 7, what is 34553 + -1?
34552
In base 12, what is 292 + -1?
291
In base 14, what is 4 + 3a8?
3ac
In base 11, what is -2232 - 1?
-2233
In base 10, what is -106 - -2?
-104
In base 16, what is a + -2f?
-25
In base 15, what is 3 - 29a?
-297
In base 10, what is -7138 - -1?
-7137
In base 8, what is 1050 + 1?
1051
In base 15, what is 39 + 7?
41
In base 14, what is 2 - -3a?
3c
In base 14, what is 32 + 8?
3a
In base 8, what is 453 - -5?
460
In base 3, what is 1012 - 0?
1012
In base 12, what is 4 - -43b?
443
In base 10, what is 0 - -508?
508
In base 11, what is 0 - 3027?
-3027
In base 14, what is 22 - -1?
23
In base 14, what is 36 - 54?
-1c
In base 15, what is 5d + -5?
58
In base 16, what is 7 + 14?
1b
In base 4, what is 1 - -213233?
213300
In base 11, what is -623 - 4?
-627
In base 8, what is -5 + 50?
43
In base 8, what is 1300 - 2?
1276
In base 4, what is 21 - -22?
103
In base 14, what is -18d - -1?
-18c
In base 3, what is 2022 + -2000?
22
In base 16, what is 8 + 40?
48
In base 15, what is -5 + 2a6?
2a1
In base 16, what is 120e + 1?
120f
In base 10, what is -802 + 3?
-799
In base 5, what is -104 - 4?
-113
In base 9, what is 6181 + 5?
6186
In base 5, what is -2214 - 10?
-2224
In base 13, what is 3 + -399?
-396
In base 11, what is -55 + -12?
-67
In base 14, what is -2 + -15?
-17
In base 6, what is -11002 + 3?
-10555
In base 2, what is -100 - -101110?
101010
In base 4, what is 121011 + 2?
121013
In base 12, what is 5aa - 0?
5aa
In base 14, what is 4 + -95?
-91
In base 16, what is -14 + -29?
-3d
In base 12, what is 2a5 + 6?
2ab
In base 11, what is 120 - 3?
118
In base 12, what is 677 + -5?
672
In base 2, what is 10000 - -100000000?
100010000
In base 8, what is 0 - -611?
611
In base 3, what is -10102100 + -22?
-10102122
In base 13, what is 2 + -104?
-102
In base 11, what is 43 + -1?
42
In base 14, what is -4 - -2c?
28
In base 14, what is 217 + 0?
217
In base 5, what is -3 - -41?
33
In base 4, what is 22 - 22?
0
In base 6, what is -5 - -15125?
15120
In base 16, what is 3 - 5a?
-57
In base 12, what is -1a16 + 4?
-1a12
In base 5, what is -2244 + 0?
-2244
In base 15, what is -13 + b8?
a5
In base 10, what is 63 - 0?
63
In base 15, what is 235 + 1?
236
In base 10, what is -1 + -9?
-10
In base 15, what is 1 + -136?
-135
In base 4, what is -1 + 331?
330
In base 12, what is -5 + 313?
30a
In base 4, what is -1013 + 200?
-213
In base 4, what is 10 + 311?
321
In base 11, what is -6 - -a8a?
a84
In base 10, what is 0 + -34?
-34
In base 9, what is -627 + 3?
-624
In base 10, what is -25 + 22?
-3
In base 11, what is 202 - -3?
205
In base 11, what is -695a - 1?
-6960
In base 8, what is 0 - 27?
-27
In base 5, what is -2 + 22231?
22224
In base 4, what is -1102300 - 20?
-1102320
In base 11, what is 172 - -1?
173
In base 15, what is -8 - -89?
81
In base 8, what is -5121 + -3?
-5124
In base 3, what is -2 + -2120?
-2122
In base 15, what is 298 - 4?
294
In base 3, what is 220 - 2?
211
In base 7, what is 5 - -3535?
3543
In base 11, what is 13 - 7?
7
In base 6, what is -3015 - -1?
-3014
In base 9, what is 2 + -57?
-55
In base 3, what is 211102 + -11?
211021
In base 7, what is 1462 + -5?
1454
In base 4, what is -1103 + -1200?
-2303
In base 9, what is -4 + 40?
35
In base 16, what is -25b + -c?
-267
In base 11, what is -5a + 56?
-4
In base 5, what is -10412 - -4?
-10403
In base 10, what is 4 + 114?
118
In base 5, what is 20303 - 2?
20301
In base 16, what is 5 + 2a?
2f
In base 14, what is -36 - -12a?
d4
In base 9, what is 58 - -7?
66
In base 13, what is -3c + 2?
-3a
In base 12, what is 20 - -55?
75
In base 8, what is 50 + 7?
57
In base 10, what is 223 + -8?
215
In base 12, what is 0 - 223?
-223
In base 12, what is a + -7b?
-71
In base 9, what is -2308 - 4?
-2313
In base 2, what is 0 + -1001?
-1001
In base 6, what is 4 - 105?
-101
In base 2, what is 10000010010010 - 101?
10000010001101
In base 4, what is 0 + 102?
102
In base 14, what is 7 - 34?
-2b
In base 16, what is -2e - -13?
-1b
In base 7, what is 2130 - 1?
2126
In base 6, what is -14 + -15?
-33
In base 3, what is 12 + -1101?
-1012
In base 13, what is -9 - -1b?
12
In base 11, what is -41 - 8?
-49
In base 7, what is 3 - -2542?
2545
In base 8, what is -3 + -171?
-174
In base 13, what is 11 + -b?
3
In base 9, what is 257 - -12?
270
In base 9, what is 56 - 0?
56
In base 5, what is -304 + -4?
-313
In base 16, what is -17e + -5?
-183
In base 11, what is 2 - -892?
894
In base 15, what is d + 41?
4e
In base 12, what is -5 - -37?
32
In base 4, what is 1002133 - 1?
1002132
In base 10, what is -3 + -73?
-76
In base 9, what is -16 + 7?
-8
In base 2, what is -11 + 1100011?
1100000
In base 11, what is -a4 + -1?
-a5
In base 6, what is -5 - 224?
-233
In base 13, what is 54 - 4?
50
In base 8, what is -361 + -1?
-362
In base 14, what is 2 + -2a?
-28
In base 12, what is -7 + -b0?
-b7
In base 16, what is 951 + -4?
94d
In base 6, what is 20 + -301?
-241
In base 3, what is 121 + 2021?
2212
In base 2, what is -11 + 10000?
1101
In base 6, what is 13 - -24?
41
In base 11, what is 32 - 2?
30
In base 8, what is -44 - 27?
-73
In base 5, what is 3 + 140?
143
In base 15, what is -4b + 7?
-44
In base 5, what is -24244 - -1?
-24243
In base 2, what is 10 - -1011100?
1011110
In base 12, what is -9 + 90?
83
In base 3, what is -12 + 22102?
22020
In base 4, what is 13 + 32203?
32222
In base 5, what is 10 - 11434?
-11424
In base 8, what is 13 - 63?
-50
In base 11, what is -2 - -152?
150
In base 8, what is -3 - 7?
-12
In base 14, what is 24 - -14?
38
In base 9, what is 10 + -42?
-32
In base 6, what is 1 + -2425?
-2424
In base 3, what is 101 + 2010?
2111
In base 6, what is -43251 - -5?
-43242
In base 15, what is -6 + 4?
-2
In base 4, what is -2231321 + 2?
-2231313
In base 8, what is 3 + 4722?
4725
In base 11, what is 12 + 1547?
1559
In base 4, what is 31 + -121?
-30
In base 4, what is 2 + 1000?
1002
In base 11, what is -938 - 5?
-942
In base 9, what is 2 - -128?
131
In base 11, what is -1044 - -3?
-1041
In base 5, what is -1 + -131123?
-13